{"id":152,"date":"2015-07-12T12:10:30","date_gmt":"2015-07-12T12:10:30","guid":{"rendered":"http:\/\/surfandfriends.de\/?page_id=152"},"modified":"2016-07-27T11:44:07","modified_gmt":"2016-07-27T09:44:07","slug":"simon","status":"publish","type":"page","link":"https:\/\/surfandfriends.de\/?page_id=152","title":{"rendered":"\u00dcber mich \/ about me"},"content":{"rendered":"<p style=\"text-align: left;\">Geboren\u00a0im Jahr\u00a01982 in Paderborn und aus Arbeitsgr\u00fcnden vom Vater 1990\u00a0ins wundersch\u00f6ne Sauerland gezogen, machte ich dort meine Ausbildung zum Holzmechaniker bei Selecta Bank- und Kasseneinrichtungen. Nachdem ich dort meine Ausbildung erfolgreich abschloss und ein Jahr dort arbeitete, heuerte ich als Schreiner und Trockenbauer an. Auf den Winterbaustellen &#8211; auf denen ich immer sehr fror &#8211; sah ich den Architekten mit sch\u00f6nem Auto, Anzug, trocken und warm vorfahren und fragte mich was man alles f\u00fcr diesen Job br\u00e4uchte. Ich fragte diesen Architekten und erhielt meine Antwort &#8211; das kannst du doch auch, du bist jung, du hast es in der Hand.<\/p>\n<p style=\"text-align: left;\">Ich war jung und wollte mehr und nahm es in die Hand. Die Maschinen in der damaligen Werkstatt wurden durch mich gewartet. Das neue CNC &#8211;\u00a0gesteuerte Bearbeitungszentrum\u00a0habe ich eingerichtet\u00a0und aufgestellt, der Platz in der Werkstatt war da\u00a0&#8211; der\u00a0Grund war der kauf\u00a0einer\u00a0neue CNC. Ab dem Zeitpunkt faszinierten mich Maschinen immer mehr, deren Funktionsweise und wie diese gebaut, weiterentwickelt und auf die wachsenden Bed\u00fcrfnisse angepasst werden.<\/p>\n<p style=\"text-align: left;\">Ich machte also mein Fachabitur in Bautechnik, da ich eine Ausbildung zum Holzmechaniker hatte. Hier ist das Deutsche Schulsystem auch relativ unflexibel. Nachdem ich also mein Fachabitur in Bautechnik erfolgreich abgeschlossen hatte schaute ich mir ein paar Fachhochschulen an, die Maschinenbau anboten.<\/p>\n<p style=\"text-align: left;\">Nach reiflicher Pr\u00fcfung entschied ich mich f\u00fcr die Fachhochschule S\u00fcdwestfalen in Soest. Die Fachhochschule war sch\u00f6n, die Profs waren nett und die Fachhochschule war so klein, das man in guten Kontakt mit seinen Professoren treten konnte.\u00a0Um mich zu finanzieren &#8211; ich wohnte mittlerweile alleine &#8211; beantragte ich BAf\u00f6G und sp\u00e4ter erhielt ich durch meine Leistungen ein\u00a0Stipendium. Mit dem Stipendium in der Tasche lie\u00df es sich wesentlich\u00a0entspannter studieren, denn Kisten stapeln oder Kellnern war dann\u00a0nicht mehr so dringend. Mit den Ferienjobs lie\u00df es sich gut studieren und leben.<\/p>\n<p style=\"text-align: left;\">Das Studium war anstrengend und sch\u00f6n. So viel wissen in sich aufzunehmen ist einfach eine tolle Sache und man bekommt sehr viel Wissen angeboten und ich schlug richtig zu. Ich investierte mit Schule und Studium um die vier Jahre\u00a0und studierte somit in Rekordzeit. Das\u00a0Studium schloss ich sehr Erfolgreich im Bereich\u00a0Maschinebau Anlagenbau ab.<\/p>\n<p style=\"text-align: left;\">Damals faszinierte mich schon immer der Sport (Windsurfen)\u00a0und die Freiheit mit dem Wohnwagen dahin zu fahren wo man will. Zu\u00a0Reisen und alles selber zu entdecken.\u00a0Also baute ich mir in der Zeit zwischen Ausbildung und Baustelle den ersten Bulli aus (siehe <a href=\"http:\/\/surfandfriends.de\/?p=101\">Mein erster Bulli<\/a>). Ohne Anleitung und mit wenig Geld konnte ich mir den Traum vom\u00a0Reisen schon damals erf\u00fcllen und konnte\u00a0somit immer viel in den\u00a0Urlaub fahren. Nat\u00fcrlich war das erste Modell nicht so durchdacht oder so intensiv geplant wie der zweite &#8211; es fehlte auch jegliche Erfahrung.<\/p>\n<p style=\"text-align: left;\">Dies f\u00fchrte mich dann zu dem zweiten Bulli, der durchdachter und mit mehr Planung und Platzausnutzung realisiert werden sollte.<\/p>\n<p style=\"text-align: left;\">Doch ich fand keine wirklichen Informationen, immer nur Informationsschnipsel aus Foren zusammengetragen oder B\u00fccher in denen auch nicht wirklich etwas steht. Diese Situation, der Mangel an Informationen und die\u00a0Freude an der Technik\u00a0l\u00e4sst mich diesen Blog schreiben.<\/p>\n<p style=\"text-align: left;\">Ich w\u00fcnsche euch viel Freude beim lesen und bei Fragen einfach anmelden und Fragen. Kontakt gibt es <a href=\"http:\/\/surfandfriends.de\/?page_id=1268\">hier<\/a>.<\/p>\n<p style=\"text-align: left;\">Euer Simon<\/p>\n<div class=\"sharedaddy sd-sharing-enabled\"><div class=\"robots-nocontent sd-block sd-social sd-social-icon-text sd-sharing\"><h3 class=\"sd-title\">Teilen mit:<\/h3><div class=\"sd-content\"><ul><li class=\"share-facebook\"><a rel=\"nofollow noopener noreferrer\" data-shared=\"sharing-facebook-152\" class=\"share-facebook sd-button share-icon\" href=\"https:\/\/surfandfriends.de\/?page_id=152&amp;share=facebook\" target=\"_blank\" title=\"Klick, um auf Facebook zu teilen\" ><span>Facebook<\/span><\/a><\/li><li class=\"share-linkedin\"><a rel=\"nofollow noopener noreferrer\" data-shared=\"sharing-linkedin-152\" class=\"share-linkedin sd-button share-icon\" href=\"https:\/\/surfandfriends.de\/?page_id=152&amp;share=linkedin\" target=\"_blank\" title=\"Klick, um auf LinkedIn zu teilen\" ><span>LinkedIn<\/span><\/a><\/li><li class=\"share-twitter\"><a rel=\"nofollow noopener noreferrer\" data-shared=\"sharing-twitter-152\" class=\"share-twitter sd-button share-icon\" href=\"https:\/\/surfandfriends.de\/?page_id=152&amp;share=twitter\" target=\"_blank\" title=\"Klick, um \u00fcber Twitter zu teilen\" ><span>Twitter<\/span><\/a><\/li><li class=\"share-tumblr\"><a rel=\"nofollow noopener noreferrer\" data-shared=\"\" class=\"share-tumblr sd-button share-icon\" href=\"https:\/\/surfandfriends.de\/?page_id=152&amp;share=tumblr\" target=\"_blank\" title=\"Klick, um auf Tumblr zu teilen\" ><span>Tumblr<\/span><\/a><\/li><li class=\"share-email\"><a rel=\"nofollow noopener noreferrer\" data-shared=\"\" class=\"share-email sd-button share-icon\" href=\"mailto:?subject=%5BGeteilter%20Beitrag%5D%20%C3%9Cber%20mich%20%2F%20about%20me&body=https%3A%2F%2Fsurfandfriends.de%2F%3Fpage_id%3D152&share=email\" target=\"_blank\" title=\"Klicken, um einem Freund einen Link per E-Mail zu senden\" data-email-share-error-title=\"Hast du E-Mail eingerichtet?\" data-email-share-error-text=\"Wenn du Probleme mit dem Teilen per E-Mail hast, ist E-Mail m\u00f6glicherweise nicht f\u00fcr deinen Browser eingerichtet. Du musst die neue E-Mail-Einrichtung m\u00f6glicherweise selbst vornehmen.\" data-email-share-nonce=\"870fdb55b7\" data-email-share-track-url=\"https:\/\/surfandfriends.de\/?page_id=152&amp;share=email\"><span>E-Mail<\/span><\/a><\/li><li class=\"share-print\"><a rel=\"nofollow noopener noreferrer\" data-shared=\"\" class=\"share-print sd-button share-icon\" href=\"https:\/\/surfandfriends.de\/?page_id=152\" target=\"_blank\" title=\"Klicken zum Ausdrucken\" ><span>Drucken<\/span><\/a><\/li><li class=\"share-jetpack-whatsapp\"><a rel=\"nofollow noopener noreferrer\" data-shared=\"\" class=\"share-jetpack-whatsapp sd-button share-icon\" href=\"https:\/\/surfandfriends.de\/?page_id=152&amp;share=jetpack-whatsapp\" target=\"_blank\" title=\"Klicken, um auf WhatsApp zu teilen\" ><span>WhatsApp<\/span><\/a><\/li><li><a href=\"#\" class=\"sharing-anchor sd-button share-more\"><span>Mehr<\/span><\/a><\/li><li class=\"share-end\"><\/li><\/ul><div class=\"sharing-hidden\"><div class=\"inner\" style=\"display: none;\"><ul><li class=\"share-reddit\"><a rel=\"nofollow noopener noreferrer\" data-shared=\"\" class=\"share-reddit sd-button share-icon\" href=\"https:\/\/surfandfriends.de\/?page_id=152&amp;share=reddit\" target=\"_blank\" title=\"Klick, um auf Reddit zu teilen\" ><span>Reddit<\/span><\/a><\/li><li class=\"share-pinterest\"><a rel=\"nofollow noopener noreferrer\" data-shared=\"sharing-pinterest-152\" class=\"share-pinterest sd-button share-icon\" href=\"https:\/\/surfandfriends.de\/?page_id=152&amp;share=pinterest\" target=\"_blank\" title=\"Klick, um auf Pinterest zu teilen\" ><span>Pinterest<\/span><\/a><\/li><li class=\"share-end\"><\/li><li class=\"share-pocket\"><a rel=\"nofollow noopener noreferrer\" data-shared=\"\" class=\"share-pocket sd-button share-icon\" href=\"https:\/\/surfandfriends.de\/?page_id=152&amp;share=pocket\" target=\"_blank\" title=\"Klick, um auf Pocket zu teilen\" ><span>Pocket<\/span><\/a><\/li><li class=\"share-telegram\"><a rel=\"nofollow noopener noreferrer\" data-shared=\"\" class=\"share-telegram sd-button share-icon\" href=\"https:\/\/surfandfriends.de\/?page_id=152&amp;share=telegram\" target=\"_blank\" title=\"Klicken, um auf Telegram zu teilen\" ><span>Telegram<\/span><\/a><\/li><li class=\"share-end\"><\/li><li class=\"share-skype\"><a rel=\"nofollow noopener noreferrer\" data-shared=\"sharing-skype-152\" class=\"share-skype sd-button share-icon\" href=\"https:\/\/surfandfriends.de\/?page_id=152&amp;share=skype\" target=\"_blank\" title=\"Klicken, um in Skype zu teilen\" ><span>Skype<\/span><\/a><\/li><li class=\"share-end\"><\/li><\/ul><\/div><\/div><\/div><\/div><\/div>","protected":false},"excerpt":{"rendered":"<p>Geboren\u00a0im Jahr\u00a01982 in Paderborn und aus Arbeitsgr\u00fcnden vom Vater 1990\u00a0ins wundersch\u00f6ne Sauerland gezogen, machte ich dort meine Ausbildung zum Holzmechaniker bei Selecta Bank- und Kasseneinrichtungen. Nachdem ich dort meine Ausbildung erfolgreich abschloss und ein Jahr dort arbeitete, heuerte ich als Schreiner und Trockenbauer an. Auf den Winterbaustellen &#8211; auf denen ich immer sehr fror &#8211; [&hellip;]<\/p>\n<div class=\"sharedaddy sd-sharing-enabled\"><div class=\"robots-nocontent sd-block sd-social sd-social-icon-text sd-sharing\"><h3 class=\"sd-title\">Teilen mit:<\/h3><div class=\"sd-content\"><ul><li class=\"share-facebook\"><a rel=\"nofollow noopener noreferrer\" data-shared=\"sharing-facebook-152\" class=\"share-facebook sd-button share-icon\" href=\"https:\/\/surfandfriends.de\/?page_id=152&amp;share=facebook\" target=\"_blank\" title=\"Klick, um auf Facebook zu teilen\" ><span>Facebook<\/span><\/a><\/li><li class=\"share-linkedin\"><a rel=\"nofollow noopener noreferrer\" data-shared=\"sharing-linkedin-152\" class=\"share-linkedin sd-button share-icon\" href=\"https:\/\/surfandfriends.de\/?page_id=152&amp;share=linkedin\" target=\"_blank\" title=\"Klick, um auf LinkedIn zu teilen\" ><span>LinkedIn<\/span><\/a><\/li><li class=\"share-twitter\"><a rel=\"nofollow noopener noreferrer\" data-shared=\"sharing-twitter-152\" class=\"share-twitter sd-button share-icon\" href=\"https:\/\/surfandfriends.de\/?page_id=152&amp;share=twitter\" target=\"_blank\" title=\"Klick, um \u00fcber Twitter zu teilen\" ><span>Twitter<\/span><\/a><\/li><li class=\"share-tumblr\"><a rel=\"nofollow noopener noreferrer\" data-shared=\"\" class=\"share-tumblr sd-button share-icon\" href=\"https:\/\/surfandfriends.de\/?page_id=152&amp;share=tumblr\" target=\"_blank\" title=\"Klick, um auf Tumblr zu teilen\" ><span>Tumblr<\/span><\/a><\/li><li class=\"share-email\"><a rel=\"nofollow noopener noreferrer\" data-shared=\"\" class=\"share-email sd-button share-icon\" href=\"mailto:?subject=%5BGeteilter%20Beitrag%5D%20%C3%9Cber%20mich%20%2F%20about%20me&body=https%3A%2F%2Fsurfandfriends.de%2F%3Fpage_id%3D152&share=email\" target=\"_blank\" title=\"Klicken, um einem Freund einen Link per E-Mail zu senden\" data-email-share-error-title=\"Hast du E-Mail eingerichtet?\" data-email-share-error-text=\"Wenn du Probleme mit dem Teilen per E-Mail hast, ist E-Mail m\u00f6glicherweise nicht f\u00fcr deinen Browser eingerichtet. Du musst die neue E-Mail-Einrichtung m\u00f6glicherweise selbst vornehmen.\" data-email-share-nonce=\"870fdb55b7\" data-email-share-track-url=\"https:\/\/surfandfriends.de\/?page_id=152&amp;share=email\"><span>E-Mail<\/span><\/a><\/li><li class=\"share-print\"><a rel=\"nofollow noopener noreferrer\" data-shared=\"\" class=\"share-print sd-button share-icon\" href=\"https:\/\/surfandfriends.de\/?page_id=152\" target=\"_blank\" title=\"Klicken zum Ausdrucken\" ><span>Drucken<\/span><\/a><\/li><li class=\"share-jetpack-whatsapp\"><a rel=\"nofollow noopener noreferrer\" data-shared=\"\" class=\"share-jetpack-whatsapp sd-button share-icon\" href=\"https:\/\/surfandfriends.de\/?page_id=152&amp;share=jetpack-whatsapp\" target=\"_blank\" title=\"Klicken, um auf WhatsApp zu teilen\" ><span>WhatsApp<\/span><\/a><\/li><li><a href=\"#\" class=\"sharing-anchor sd-button share-more\"><span>Mehr<\/span><\/a><\/li><li class=\"share-end\"><\/li><\/ul><div class=\"sharing-hidden\"><div class=\"inner\" style=\"display: none;\"><ul><li class=\"share-reddit\"><a rel=\"nofollow noopener noreferrer\" data-shared=\"\" class=\"share-reddit sd-button share-icon\" href=\"https:\/\/surfandfriends.de\/?page_id=152&amp;share=reddit\" target=\"_blank\" title=\"Klick, um auf Reddit zu teilen\" ><span>Reddit<\/span><\/a><\/li><li class=\"share-pinterest\"><a rel=\"nofollow noopener noreferrer\" data-shared=\"sharing-pinterest-152\" class=\"share-pinterest sd-button share-icon\" href=\"https:\/\/surfandfriends.de\/?page_id=152&amp;share=pinterest\" target=\"_blank\" title=\"Klick, um auf Pinterest zu teilen\" ><span>Pinterest<\/span><\/a><\/li><li class=\"share-end\"><\/li><li class=\"share-pocket\"><a rel=\"nofollow noopener noreferrer\" data-shared=\"\" class=\"share-pocket sd-button share-icon\" href=\"https:\/\/surfandfriends.de\/?page_id=152&amp;share=pocket\" target=\"_blank\" title=\"Klick, um auf Pocket zu teilen\" ><span>Pocket<\/span><\/a><\/li><li class=\"share-telegram\"><a rel=\"nofollow noopener noreferrer\" data-shared=\"\" class=\"share-telegram sd-button share-icon\" href=\"https:\/\/surfandfriends.de\/?page_id=152&amp;share=telegram\" target=\"_blank\" title=\"Klicken, um auf Telegram zu teilen\" ><span>Telegram<\/span><\/a><\/li><li class=\"share-end\"><\/li><li class=\"share-skype\"><a rel=\"nofollow noopener noreferrer\" data-shared=\"sharing-skype-152\" class=\"share-skype sd-button share-icon\" href=\"https:\/\/surfandfriends.de\/?page_id=152&amp;share=skype\" target=\"_blank\" title=\"Klicken, um in Skype zu teilen\" ><span>Skype<\/span><\/a><\/li><li class=\"share-end\"><\/li><\/ul><\/div><\/div><\/div><\/div><\/div>","protected":false},"author":1,"featured_media":1289,"parent":0,"menu_order":0,"comment_status":"open","ping_status":"open","template":"","meta":{"jetpack_post_was_ever_published":false},"jetpack_sharing_enabled":true,"jetpack_shortlink":"https:\/\/wp.me\/P7fuyH-2s","jetpack-related-posts":[{"id":1090,"url":"https:\/\/surfandfriends.de\/?page_id=1090","url_meta":{"origin":152,"position":0},"title":"Impressum","date":"18. Februar 2016","format":false,"excerpt":"Impressum Simon Thomas Hanke Gl\u00f6singer Stra\u00dfe, 29 59823 Arnsberg Telefon: 01751229571 E-Mail: simon.thomas.hanke (at)\u00a0googlemail punkt com Verantwortlich f\u00fcr den Inhalt (gem. \u00a7 55 Abs. 2 RStV): Simon Thomas Hanke Gl\u00f6singer Stra\u00dfe 29 59823 Arnsberg Disclaimer \u2013 rechtliche Hinweise \u00a7 1 Haftungsbeschr\u00e4nkung Die Inhalte dieser Website werden mit gr\u00f6\u00dftm\u00f6glicher Sorgfalt erstellt.\u2026","rel":"","context":"\u00c4hnlicher Beitrag","img":{"alt_text":"","src":"","width":0,"height":0},"classes":[]},{"id":139,"url":"https:\/\/surfandfriends.de\/?page_id=139","url_meta":{"origin":152,"position":1},"title":"Bulli","date":"12. Juli 2015","format":false,"excerpt":"Alles rund um den Bulli. Ich beschreibe ganz genau, wie man\u00a0einen Bulli oder Transporter zu einem Wohnmobil umbaut. Mit vielen Fotos, mit meinen Ideen, mit meinen Fehlversuchen, halt mit allem was dazu geh\u00f6rt. Die Gr\u00fcnde, warum man\u00a0selber ein Fahrzeug umbauen m\u00f6chte sind vielf\u00e4ltig. Wenn man mal schaut was ein Professioneller\u2026","rel":"","context":"\u00c4hnlicher Beitrag","img":{"alt_text":"","src":"","width":0,"height":0},"classes":[]}],"_links":{"self":[{"href":"https:\/\/surfandfriends.de\/index.php?rest_route=\/wp\/v2\/pages\/152"}],"collection":[{"href":"https:\/\/surfandfriends.de\/index.php?rest_route=\/wp\/v2\/pages"}],"about":[{"href":"https:\/\/surfandfriends.de\/index.php?rest_route=\/wp\/v2\/types\/page"}],"author":[{"embeddable":true,"href":"https:\/\/surfandfriends.de\/index.php?rest_route=\/wp\/v2\/users\/1"}],"replies":[{"embeddable":true,"href":"https:\/\/surfandfriends.de\/index.php?rest_route=%2Fwp%2Fv2%2Fcomments&post=152"}],"version-history":[{"count":11,"href":"https:\/\/surfandfriends.de\/index.php?rest_route=\/wp\/v2\/pages\/152\/revisions"}],"predecessor-version":[{"id":2201,"href":"https:\/\/surfandfriends.de\/index.php?rest_route=\/wp\/v2\/pages\/152\/revisions\/2201"}],"wp:featuredmedia":[{"embeddable":true,"href":"https:\/\/surfandfriends.de\/index.php?rest_route=\/wp\/v2\/media\/1289"}],"wp:attachment":[{"href":"https:\/\/surfandfriends.de\/index.php?rest_route=%2Fwp%2Fv2%2Fmedia&parent=152"}],"curies":[{"name":"wp","href":"https:\/\/api.w.org\/{rel}","templated":true}]}}